
7
Evaluate 2 + 129 - (-80 - -292).
-81
What is 145 + -1 + (116 - 265)?
-5
Calculate -51 - (-27 - -17) - (7 - -53).
-101
Calculate 40 - (1 + 11) - (-3 - 12).
43
(31 - 0) + -23 - ((-2 - -1) + -4) - 2
11
What is the value of 36 - (20 + 14 + -7)?
9
What is the value of 42 + (-6 - 22) + 5?
19
Evaluate 9 + -11 + -14 + 13 + (2 - -3).
2
What is the value of -13 + (-45 - (-13 + -5) - -19)?
-21
What is 14 + (80 - (-25 - -18 - 6))?
107
What is the value of -2 + (5 - ((-8 - 20) + 31 + (-1 - -1)))?
0
Calculate 2 + 1 - (12 + 0 + (21 - 30) + 24).
-24
What is 12 + 35 + 14 + 17 + -47?
31
Evaluate (7 - (30 + (-14 - -3))) + -23.
-35
Calculate (8 - 4 - 7) + (15 - -36) + -19.
29
108 + -27 + 2 + 1336 + -1343
76
What is -992 + 999 + (108 - (1 - 3)) - 10?
107
What is (7 - (-54 + -39 + 30)) + (1 - -8)?
79
46 - 26 - (-6 + -67)
93
(-132 - -11) + (-1934 - -2095)
40
What is (-17 - 0) + -4 + (-13 - -12) + 138?
116
What is the value of (-159 - (-341 + 42)) + -162?
-22
-4 + -10 + -1 + (-31 - 1) + 28
-19
Evaluate (2 - 1) + (30 + 3 - 1 - (-2180 - -2155)).
58
26 + (-40 - -11) + -11 - (2 + -128)
112
Calculate 68 + (6 - 82) + 35.
27
What is the value of (71 - -131) + -205 - (0 - 85 - (2 - 0))?
84
Evaluate 33 + -27 + -2 + 2 + -10 + -40 + 3.
-41
Calculate -39 - (54 + -53 + 2).
-42
Calculate (-40 + -33 - -92) + (-2 - 39).
-22
What is 50 - (5 + -4) - (-88 - -101)?
36
Evaluate 6 + (-104 - -105) + 16 + (0 - 1).
22
-21 + (-30 - -65) + -19 - (-10 + 0 + 3)
2
(-40 - (-9 - (11 + 168))) + -21
127
What is 2 + 7 + (17 + -19 - -3) - (0 + 64)?
-54
Evaluate (96 - 74) + (-12 - 28).
-18
What is the value of (-37 - -14 - -21) + (80 - -4)?
82
What is -43 - 17 - -51 - -39?
30
What is (182 - 191) + 2 + 12 - (-25 + -12)?
42
2 - (2 + 0 - (0 - -7)) - (-11815 + 11867)
-45
2 + 12 + (4028 - 4037)
5
What is -13 + 17 + -72 + (-4 + 5 + -4 - -11)?
-60
What is the value of -92 - 0 - (-34 + 22 - (1 + 3 - 16))?
-92
What is -100 + 160 + -68 + 53?
45
-35 - (4 + (-8 + 11 + -15 - -1))
-28
What is the value of -16 + (-17 - (-58 - -47 - (-4 + -35)))?
-61
What is the value of (1 + 4 - -9) + (-44 - -13)?
-17
-4 - 31 - (0 + -1 - (67 - (66 - -11)))
-44
Calculate -1 + -4 + (-95 - -123) + -9 + -32.
-18
Evaluate 33 - 59 - (2 + -7 + -28).
7
What is -64 - (16 + -35 - (-25 + -8))?
-78
(0 - 2 - -14) + (71 - (116 + -12)) + -37
-58
What is -108 + 10 + 28 - (-3 - 21)?
-46
Evaluate -85 + -6 - ((-5 - (-14 - -16)) + -1).
-83
Calculate -7 - (0 + 5 + -3) - (41 + 66 + -63).
-53
What is the value of (39 - (-24 + 35)) + -8 - 82?
-62
Evaluate (1 - 21) + -11 + (25 - 14) + -4.
-24
Evaluate -35 - 11 - (1 + 15 + -8 + 1 - 6).
-49
-40 + 8 + 0 + (11 - (10 - 1))
-30
-91 + 133 - (21 + (7 - 12))
26
Calculate -71 - ((12 - (-12 + -5 + 12)) + -29).
-59
What is the value of (17 - (-18 + 15 - -28)) + 3 + -3 + -44?
-52
What is (-40 + 39 - 8) + -27?
-36
(34 - (-12 + 0 + -8)) + -23
31
What is -38 + -113 + 312 + -74?
87
Calculate -40 - 0 - -24 - (1 + 76 - -4).
-97
What is the value of 10 - ((10 - (72 - (3 - -7))) + -12) - 13?
61
Calculate -37 + (2 - 0) + -6 + 14 + -19.
-46
-79 + 24 + 14 + -30 + -10
-81
What is (-18 - (48 - 76)) + (-7 - -1) + 33 + -21?
16
Calculate -23 + 60 + -25 - 28.
-16
Calculate 4 + -22 - (-8 + (9 + 26 - 16)).
-29
2 + -22 + -38 + 47 - (-5 + (80 - 1))
-85
-30 + -8 - -12 - (1 + (-4 + -4 - -10))
-29
Evaluate -48 - (-50 + (-37 - -32)).
7
-10 + -87 + 173 - 88
-12
Calculate -15 + (9 + -10 - -1) + -20 + 29.
-6
What is 64 + (-3 - -27 - (20 + 24 + -29))?
73
Calculate (10 - -75) + -8 - ((2 - 2) + 8 + 0).
69
Calculate (8 - (-32 - -46)) + 38.
32
-31 - ((48 - -2) + 0 - 7)
-74
Calculate -1417 + 1299 - (40 - -1) - -42.
-117
-26 + (7 - 14 - -19) - -2
-12
Evaluate 13 - 1 - (-9 - (-3 + -4 + -8)).
6
Evaluate (-5 - (49 - 13) - -32) + 102.
93
Calculate 41 + (-17 - 68) + 48.
4
-4 + -17 + (14 - 14) + 10 - 54
-65
What is -7 - 10 - (-3 + 9 + (10 - 18) + 18)?
-33
What is the value of 13 - (14 + (-3 - -3) + -15 - 16)?
30
Evaluate (-4 - -1) + -11 + (252 - 236) + -2 - -82.
82
What is -69 + 130 + -76 + 2?
-13
Evaluate -17353 + 17392 - (-3 + (4 - 2)).
40
What is the value of (-42 - (2 - 67)) + -4 + -15?
4
What is 67 - 49 - 122 - -31?
-73
Evaluate (5 - -1) + -260 + 370 + -43 + 1.
74
What is the value of -43 + (0 - (-27 - -14) - 18)?
-48
Calculate 346 + -353 - (-1 - -3 - (6 + -9 + 1)).
-11
What is the value of 2 + -9 - -101 - (186 + -179)?
87
Evaluate 19 + 2 + (4 - 7) + 4 + 0 + -1.
21
(9 - 2) + (16 - (45 + -7))
-15
Evaluate 2 - ((12 + -11 + -45 - -4 - -12) + -5).
35
8 + 3 + 1 - (153 + -43 - (-14 + 25))
-87
Calculate (-29 + -20 + (42 - 15) - -9) + -29.
-42
-6 + (-26 - -30) + (11 - -2) + -3
8
(1 - -9) + (286 - 274) + (-7 - -9) + 4
28
Calculate 20 + (10 - (2 + -2)) - (14 - 19).
35
Calculate -33 - ((-11 - 11) + 29).
-40
((1 - 3) + (-118 - -128) - -64) + -14
58
Calculate (0 - -4 - (8 - -6)) + 10 + (-34 - 32).
-66
16 + -1 + (-2 - -4) + -8 - -27
36
Calculate (11 - 14) + 14 + 14 - 61.
-36
Calculate 14 + (78 - 75 - (11 + 1)) - 35.
-30
Calculate 38 + -21 - (-1 + (8 - -40)) - 3.
-33
Calculate 90 + (2 + 42 - (-6 + 84)).
56
Evaluate 48 + (-124 - (114 - 128)).
-62
What is 10 + 1 + 14 + 11 - (5 + 4)?
27
Evaluate -116 + 78 + 83 + -24.
21
-2 - -24 - (25 + 12 + -54)
39
Calculate -13 - (10 - (-6 + 1 + -1 + -10)).
-39
Calculate 14 + (24 - 42) + 38.
34
What is (-24 - -14 - 12 - -27) + (1 - 63)?
-57
What is the value of 4 - 14 - (61 - (3 + 12)) - (22 + -15)?
-63
Calculate (28 - 50) + 13 - (-1 + 3) - -45.
34
What is (-76 + (13 - (5 - -13)) - 6) + (1 - -6)?
-80
0 + 106 - (1 - (-95 + 89)) - 12
87
Calculate -36 + 40 + (-81 - -48).
-29
Calculate 150 - (-55 - -165 - 16).
56
What is the value of 0 + 27 + 1 + (20 - (33 - 20) - 15)?
20
Evaluate 18 + (-2 - 18) - (3 + -4 - 52 - -4).
47
-6 + 0 + 1 - 4 - (19 + 13 - 68)
27
1110 - 1133 - (-41 + -1 - 0)
19
81 + -143 + 74 + -8 + (-8 - (-1 - 3))
0
What is 14 - -3 - (32 - (-57 + 26))?
-46
Calculate (64 - 119 - (-34 - 12)) + 1 + 8 + 2.
2
Evaluate (-7 - (-1 + -22)) + (-50 - 8).
-42
What is the value of -60 - 3 - (-2463 - -2368)?
32
Evaluate 71 + -86 + -14 + 3 + -4.
-30
Evaluate 18 - 119 - -33 - ((7 - -1) + -14 + 18).
-80
(-114 + 85 - -54) + 2 + 74
101
Evaluate -75 + 34 - -15 - (5 - -1).
-32
What is -31 + (20 - -116 - 7) - -9?
107
What is the value of (11 - 11) + (-43 + -6 - -2) - (14 + -5)?
-56
Evaluate (5 - (-4 + 6 - 2)) + 72 + -61.
16
Calculate -1576 + 1559 + (1 - 0 - -9) + -9.
-16
What is the value of 37 - (67 + 8 - 68)?
30
What is the value of 136 - (-4 + -40 + 180)?
0
What is the value of 27 - (59 + -34) - (-6 + 4 + -69)?
73
3 - (-25 + -14 + 17) - -18
43
Evaluate -2 + -8 - (-2 - (-24 - 2 - -1)).
-33
Evaluate (31 - 23) + 17 + 4 + -18.
11
What is -5 + 1 + 33 - (344 - 337)?
22
What is the value of 17 + 2 - -3 - (29 - 9)?
2
What is 2 + (-8 - -38 - 45) + 123?
110
-1 - 73 - (1290 + -1335)
-29
Calculate (24 - 41 - -27) + 13 - 8.
15
Evaluate 36 + (-77 - (31 + -78 - -26)).
-20
What is the value of -37 - (35 + (-2 - 95))?
25
What is the value of 10 + -29 + (15 - -6) + 8?
10
Calculate 126 + 23 + -17 + -5 - 14.
113
Evaluate 14 + (-18 - -21) + -77.
-60
What is 13 + -18 + 30 + 8?
33
25 - (-69 + 244 - 72)
-78
21 - (12 - (14 - 21)) - -26
28
9 - (-4 - (-12 - -5 - -6)) - -2
14
What is -19 - (35 + -60 + 71)?
-65
Evaluate -22 + (2 - (-39 - -26)).
-7
What is -1 + 4 - (35 + (16 + -39 - (-5 + -11)))?
-25
(22 - (164 + -25)) + (-6 - (-25 + (6 - -1)))
-105
Calculate -358 - -340 - (-19 + 6).
-5
What is the value of 85 + (-33 - ((4 - 16) + 2))?
62
Calculate -174 - (-273 + 64) - (17 - 0).
18
Calculate -15 + 55 + -36 + -34.
-30
What is the value of (-1 - 3 - 77) + (16 + -5 - 6 - 11)?
-87
(0 + 12 - (24 + -26 - -10)) + 2 + 1
7
What is (3 - 6) + -44 - -58?
11
Evaluate 18 - ((-43 - -34) + -27 + 14).
40
Evaluate -2 + -1 + -51 + 13 + (23 + -13 - 28).
-59
What is the value of (-95 + -4 - (-17 - -24)) + (-5 - (3 + -1))?
-113
Evaluate (-13 - 7) + -33 - -118.
65
Calculate 30 + (22 - 3) + -18 + 6.
37
Calculate (-6 - (-1 + 5 + 2)) + (-55 - 2) + 2.
-67
What is (66 + -8 - 49) + (-2 + -41 - 0)?
-34
What is 8 + ((11 - 32 - -7) + 18 - (-2 + 3))?
11
Evaluate -18 + -18 + (8 - (-2 - -21)) + 0.
-47
64 + -51 + 21 + -58
-24
Calculate 24 + (41 - (67 - 34)).
32
Evaluate -56 + 4 + 1951 + -1852.
47
Evaluate 129 + -247 + 91 + -68.
-95
Calculate -112 - (63 - 156 - 81).
62
(-1 + 4 + -2 - -6 - (-722 - -822)) + -16
-